of 455919904.
2, 11, 29, 59, 757
List the prime factors of 11741758.
2, 7, 73, 11489
What are the prime factors of 259075388?
2, 11, 13, 673
List the prime factors of 4658045436.
2, 3, 11, 773, 15217
What are the prime factors of 1635611152?
2, 7, 14603671
What are the prime factors of 57611200?
2, 5, 36007
List the prime factors of 16802938.
2, 43, 61, 3203
List the prime factors of 2827493345.
5, 79, 113, 63347
What are the prime factors of 43026628?
2, 631, 17047
What are the prime factors of 184275105?
3, 5, 7, 937, 1873
What are the prime factors of 40798321?
41, 995081
What are the prime factors of 104278527?
3, 17, 23, 29633
What are the prime factors of 2315114642?
2, 37, 31285333
What are the prime factors of 606454962?
2, 3, 1277, 79151
What are the prime factors of 149409920?
2, 5, 11, 19, 1117
What are the prime factors of 72838620?
2, 3, 5, 131, 3089
What are the prime factors of 113865581?
113865581
List the prime factors of 17643391.
631, 27961
What are the prime factors of 786448074?
2, 3, 83, 107, 14759
What are the prime factors of 372748401?
3, 1181, 35069
What are the prime factors of 2147544014?
2, 7, 11, 13945091
List the prime factors of 210158942.
2, 7, 2144479
List the prime factors of 45598389.
3, 15199463
List the prime factors of 40933685.
5, 13, 113, 5573
List the prime factors of 338104525.
5, 11, 19, 64709
List the prime factors of 30938977.
30938977
What are the prime factors of 146854595?
5, 31, 947449
What are the prime factors of 370969905?
3, 5, 331, 74717
What are the prime factors of 4637314?
2, 11, 101, 2087
List the prime factors of 127756129.
53, 45481
What are the prime factors of 628297305?
3, 5, 17, 31, 79481
List the prime factors of 82269416.
2, 10283677
What are the prime factors of 4955843318?
2, 9857, 251387
List the prime factors of 271730084.
2, 67932521
List the prime factors of 2012917038.
2, 3, 11, 19, 73, 1999
List the prime factors of 160076507.
160076507
List the prime factors of 9518815.
5, 29, 65647
List the prime factors of 8971688.
2, 11, 269, 379
List the prime factors of 538206055.
5, 107641211
List the prime factors of 23701041.
3, 7, 13, 43, 673
What are the prime factors of 203093018?
2, 6871, 14779
What are the prime factors of 41029608?
2, 3, 23, 239, 311
List the prime factors of 2952406503.
3, 1877, 6473
List the prime factors of 1798932677.
1798932677
List the prime factors of 30286227.
3, 10095409
What are the prime factors of 18915442?
2, 7, 13, 43, 2417
List the prime factors of 589728169.
379, 1556011
List the prime factors of 1045402314.
2, 3, 11, 1367, 11587
What are the prime factors of 495114301?
11, 137, 328543
What are the prime factors of 164666945?
5, 5197, 6337
What are the prime factors of 57274617?
3, 1543, 12373
List the prime factors of 34577203.
37, 43, 103, 211
List the prime factors of 34963531.
29, 1205639
List the prime factors of 355336670.
2, 5, 13, 19, 263, 547
What are the prime factors of 5045084983?
23, 617, 355513
List the prime factors of 4282646168.
2, 523, 1023577
List the prime factors of 1378192622.
2, 689096311
What are the prime factors of 134628284?
2, 7, 686879
What are the prime factors of 41486510?
2, 5, 13, 319127
What are the prime factors of 9849417?
3, 3283139
What are the prime factors of 42904645?
5, 7, 37, 4733
What are the prime factors of 77599868?
2, 59, 328813
What are the prime factors of 827594828?
2, 8059, 25673
List the prime factors of 2692778865.
3, 5, 7, 25645513
List the prime factors of 96948515.
5, 131, 148013
List the prime factors of 161357311.
161357311
List the prime factors of 520293766.
2, 61, 541, 7883
What are the prime factors of 533491660?
2, 5, 13, 2051891
List the prime factors of 232888666.
2, 47, 179, 13841
What are the prime factors of 1421821157?
193, 7366949
List the prime factors of 23413872.
2, 3, 487789
List the prime factors of 25237224.
2, 3, 31, 3769
List the prime factors of 272516436.
2, 3, 7569901
List the prime factors of 187164322.
2, 17, 1489, 3697
What are the prime factors of 8197463623?
8197463623
List the prime factors of 89506558.
2, 557, 80347
What are the prime factors of 429803514?
2, 3, 7, 157, 21727
What are the prime factors of 37802737?
7, 61, 223, 397
List the prime factors of 576369190.
2, 5, 17, 23, 147409
List the prime factors of 415070700.
2, 3, 5, 11, 73, 1723
List the prime factors of 1145830311.
3, 17, 251, 29837
What are the prime factors of 3498855390?
2, 3, 5, 43, 904097
What are the prime factors of 181688412?
2, 3, 19, 41941
What are the prime factors of 42382105?
5, 17, 498613
List the prime factors of 28030051.
7, 4004293
What are the prime factors of 204701850?
2, 3, 5, 151631
List the prime factors of 19748614.
2, 233, 42379
What are the prime factors of 95513209?
11, 19, 457001
List the prime factors of 105649601.
105649601
What are the prime factors of 26059598?
2, 23, 24631
What are the prime factors of 35976590?
2, 5, 13, 17, 73, 223
List the prime factors of 1905635717.
227, 2777, 3023
List the prime factors of 145113096.
2, 3, 59, 102481
What are the prime factors of 630488324?
2, 19, 41, 202339
List the prime factors of 830067933.
3, 276689311
List the prime factors of 701813201.
59, 181, 65719
What are the prime factors of 6185766658?
2, 3092883329
List the prime factors of 11246144.
2, 7, 13, 1931
What are the prime factors of 564991188?
2, 3, 47082599
List the prime factors of 51019636.
2, 19, 787, 853
List the prime factors of 112332291.
3, 1213, 30869
What are the prime factors of 31650747?
3, 1697, 6217
List the prime factors of 991001697.
3, 7, 47190557
What are the prime factors of 4038152433?
3, 7, 739, 260207
What are the prime factors of 3438549?
3, 382061
List the prime factors of 182004146.
2, 3677, 24749
List the prime factors of 1186086426.
2, 3, 7, 28240153
What are the prime factors of 2064536093?
2064536093
What are the prime factors of 84498217?
109, 173, 4481
List the prime factors of 36013040.
2, 5, 7, 9187
List the prime factors of 11848258.
2, 5924129
What are the prime factors of 42488156?
2, 179, 59341
What are the prime factors of 8492888?
2, 23, 101, 457
What are the prime factors of 8006029422?
2, 3, 1334338237
List the prime factors of 29332409.
19, 1543811
List the prime factors of 3335522.
2, 29, 131, 439
List the prime factors of 37286152.
2, 4660769
What are the prime factors of 24919708?
2, 11, 51487
What are the prime factors of 5998485247?
79, 347, 218819
What are the prime factors of 51153549?
3, 251, 67933
List the prime factors of 592605827.
11, 31, 1201, 1447
What are the prime factors of 7186569?
3, 13, 184271
List the prime factors of 2512812900.
2, 3, 5, 13, 137, 4703
List the prime factors of 816198199.
191, 4273289
What are the prime factors of 2249166961?
2249166961
List the prime factors of 5987382.
2, 3, 997897
What are the prime factors of 96849197?
96849197
List the prime factors of 20991955.
5, 43, 163, 599
What are the prime factors of 194987190?
2, 3, 5, 6499573
List the prime factors of 36465409.
859, 42451
What are the prime factors of 3877106636?
2, 13, 19, 31, 103, 1229
What are the prime factors of 1739219145?
3, 5, 115947943
What are the prime factors of 646834124?
2, 161708531
List the prime factors of 3792158763.
3, 47, 193, 331, 421
What are the prime factors of 2000595429?
3, 7, 130681
List the prime factors of 212581033.
7, 3359, 9041
List the prime factors of 209402821.
17, 12317813
What are the prime factors of 196580861?
59, 359, 9281
What are the prime factors of 682805041?
43, 15879187
List the prime factors of 708972430.
2, 5, 70897243
List the prime factors of 2162625814.
2, 131, 8254297
List the prime factors of 2720103600.
2, 3, 5, 2266753
What are the prime factors of 14524947?
3, 41, 13121
What are the prime factors of 1610993441?
1610993441
What are the prime factors of 1411458654?
2, 3, 89, 2643181
List the prime factors of 1291796504.
2, 47, 59, 58231
What are the prime factors of 245107185?
3, 5, 16340479
List the prime factors of 793391648.
2, 7, 541, 6547
List the prime factors of 23979070.
2, 5, 2397907
List the prime factors of 247935886.
2, 11, 73, 263, 587
List the prime factors of 138133183.
7901, 17483
What are the prime factors of 59987075?
5, 1277, 1879
Lis